{"id":83,"date":"2015-06-12T12:34:58","date_gmt":"2015-06-12T12:34:58","guid":{"rendered":"https:\/\/acarpanelcit.com\/?page_id=83"},"modified":"2015-06-18T20:04:21","modified_gmt":"2015-06-18T20:04:21","slug":"dikenli-tel","status":"publish","type":"page","link":"https:\/\/acarpanelcit.com\/index.php\/dikenli-tel\/","title":{"rendered":"D\u0130KENL\u0130 TEL"},"content":{"rendered":"<div><a href=\"https:\/\/acarpanelcit.com\/wp-content\/uploads\/2015\/06\/dikenli-tel-dikenli-tel.jpg\"><img loading=\"lazy\" decoding=\"async\" class=\"alignnone  wp-image-84\" src=\"https:\/\/acarpanelcit.com\/wp-content\/uploads\/2015\/06\/dikenli-tel-dikenli-tel.jpg\" alt=\"dikenli-tel-dikenli-tel\" width=\"367\" height=\"275\" \/><\/a><\/div>\n<div><\/div>\n<p>&nbsp;<\/p>\n<div>Askeri alanlarda, sanayi arazilerinde tar\u0131m alanlar\u0131nda, havaalanlar\u0131nda ve site gibi koruma gerektiren alanlarda tek ba\u015flar\u0131na uygulanabildi\u011fi gibi di\u011fer \u00e7it sistemlerinin \u00fczerlerine ilave koruma olarak da kullan\u0131labilmektedir. Hafif, ekonomik,\u00a0 ve kullan\u0131m\u0131 kolay olmas\u0131n\u0131n yan\u0131nda, cayd\u0131r\u0131c\u0131 \u00f6zelli\u011fiyle de alan belirlemek ve alan korumada sizlerin beklentilerine cevap verecektir.<\/div>\n<div>Dikenli Tel teknik \u00d6zellikleri<\/div>\n<table border=\"1\" width=\"630\" cellpadding=\"0\">\n<tbody>\n<tr>\n<td colspan=\"2\" align=\"left\" height=\"24\"><strong>\u00a0 TEKN\u0130K \u00d6ZELL\u0130KLER<\/strong><\/td>\n<\/tr>\n<tr>\n<td width=\"43%\">\u00a0 Malzeme<\/td>\n<td width=\"57%\">\u00a0 S\u0131cak Dald\u0131rma Galvanizli Y\u00fcksek veya D\u00fc\u015f\u00fck Karbonlu Teller<\/td>\n<\/tr>\n<tr>\n<td width=\"43%\">\u00a0 \u00c7ekme Mukavemeti N\/mm2<\/td>\n<td width=\"57%\">\u00a0 Min. 350<\/td>\n<\/tr>\n<tr>\n<td width=\"43%\">\u00a0 Tip<\/td>\n<td width=\"57%\">\u00a0 Iowa veya Ters B\u00fck\u00fcml\u00fc<\/td>\n<\/tr>\n<tr>\n<td width=\"43%\">\u00a0 Hat Teli Say\u0131s\u0131<\/td>\n<td width=\"57%\">\u00a0 2<\/td>\n<\/tr>\n<tr>\n<td width=\"43%\">\u00a0 Hat Teli \u00c7ap\u0131 mm<\/td>\n<td width=\"57%\">\u00a0 1,30 &#8211; 2,50<\/td>\n<\/tr>\n<tr>\n<td width=\"43%\">\u00a0 Diken Teli Say\u0131s\u0131<\/td>\n<td width=\"57%\">\u00a0 2<\/td>\n<\/tr>\n<tr>\n<td width=\"43%\">\u00a0 Diken Teli \u00c7ap\u0131 mm<\/td>\n<td width=\"57%\">\u00a0 1,35 &#8211; 2,50<\/td>\n<\/tr>\n<tr>\n<td width=\"43%\">\u00a0 Dikenler Aras\u0131 Mesafe mm<\/td>\n<td width=\"57%\">\u00a0 5 cm \u2013 15 cm<\/td>\n<\/tr>\n<tr>\n<td width=\"43%\">\u00a0 Renk<\/td>\n<td width=\"57%\"><\/td>\n<\/tr>\n<tr>\n<td width=\"43%\">\u00a0 Rulo Boyu metre<\/td>\n<td width=\"57%\">\u00a0 125, 250, 500<\/td>\n<\/tr>\n<tr>\n<td width=\"43%\">\u00a0 Ambalajlama<\/td>\n<td width=\"57%\">\u00a0 15-40 kg&#8217;l\u0131k veya minimum 125 metrelik rulolar halinde<\/td>\n<\/tr>\n<\/tbody>\n<\/table>\n\n\t\t<style type=\"text\/css\">\n\t\t\t#gallery-1 {\n\t\t\t\tmargin: auto;\n\t\t\t}\n\t\t\t#gallery-1 .gallery-item {\n\t\t\t\tfloat: left;\n\t\t\t\tmargin-top: 10px;\n\t\t\t\ttext-align: center;\n\t\t\t\twidth: 33%;\n\t\t\t}\n\t\t\t#gallery-1 img {\n\t\t\t\tborder: 2px solid #cfcfcf;\n\t\t\t}\n\t\t\t#gallery-1 .gallery-caption {\n\t\t\t\tmargin-left: 0;\n\t\t\t}\n\t\t\t\/* see gallery_shortcode() in wp-includes\/media.php *\/\n\t\t<\/style>\n\t\t<div id='gallery-1' class='gallery galleryid-83 gallery-columns-3 gallery-size-large'><dl class='gallery-item'>\n\t\t\t<dt class='gallery-icon landscape'>\n\t\t\t\t<img loading=\"lazy\" decoding=\"async\" width=\"630\" height=\"368\" src=\"https:\/\/acarpanelcit.com\/wp-content\/uploads\/2015\/06\/u-dikenli-tel-orgu-panel-cit-01.jpg\" class=\"attachment-large size-large\" alt=\"\" \/>\n\t\t\t<\/dt><\/dl><dl class='gallery-item'>\n\t\t\t<dt class='gallery-icon landscape'>\n\t\t\t\t<img loading=\"lazy\" decoding=\"async\" width=\"630\" height=\"472\" src=\"https:\/\/acarpanelcit.com\/wp-content\/uploads\/2015\/06\/bet.jpg\" class=\"attachment-large size-large\" alt=\"\" \/>\n\t\t\t<\/dt><\/dl><dl class='gallery-item'>\n\t\t\t<dt class='gallery-icon landscape'>\n\t\t\t\t<img loading=\"lazy\" decoding=\"async\" width=\"630\" height=\"314\" src=\"https:\/\/acarpanelcit.com\/wp-content\/uploads\/2015\/06\/dikenlitel.png\" class=\"attachment-large size-large\" alt=\"\" \/>\n\t\t\t<\/dt><\/dl><br style=\"clear: both\" \/><dl class='gallery-item'>\n\t\t\t<dt class='gallery-icon landscape'>\n\t\t\t\t<img loading=\"lazy\" decoding=\"async\" width=\"630\" height=\"473\" src=\"https:\/\/acarpanelcit.com\/wp-content\/uploads\/2015\/06\/dikenli-tel-dikenli-tel1.jpg\" class=\"attachment-large size-large\" alt=\"\" \/>\n\t\t\t<\/dt><\/dl><dl class='gallery-item'>\n\t\t\t<dt class='gallery-icon landscape'>\n\t\t\t\t<img loading=\"lazy\" decoding=\"async\" width=\"630\" height=\"368\" src=\"https:\/\/acarpanelcit.com\/wp-content\/uploads\/2015\/06\/gu-dikenli-tel-orgu-panel-cit-02.jpg\" class=\"attachment-large size-large\" alt=\"\" \/>\n\t\t\t<\/dt><\/dl>\n\t\t\t<br style='clear: both' \/>\n\t\t<\/div>\n\n","protected":false},"excerpt":{"rendered":"<p>&nbsp; Askeri alanlarda, sanayi arazilerinde tar\u0131m alanlar\u0131nda, havaalanlar\u0131nda ve site gibi koruma gerektiren alanlarda tek ba\u015flar\u0131na uygulanabildi\u011fi gibi di\u011fer \u00e7it sistemlerinin \u00fczerlerine ilave koruma olarak da kullan\u0131labilmektedir. Hafif, ekonomik,\u00a0 ve kullan\u0131m\u0131 kolay olmas\u0131n\u0131n yan\u0131nda, cayd\u0131r\u0131c\u0131 \u00f6zelli\u011fiyle de alan belirlemek ve alan korumada sizlerin beklentilerine cevap verecektir. Dikenli Tel teknik \u00d6zellikleri \u00a0 TEKN\u0130K \u00d6ZELL\u0130KLER \u00a0 Malzeme30<\/p>\n","protected":false},"author":1,"featured_media":0,"parent":0,"menu_order":0,"comment_status":"closed","ping_status":"closed","template":"","meta":{"footnotes":""},"class_list":["post-83","page","type-page","status-publish","hentry"],"_links":{"self":[{"href":"https:\/\/acarpanelcit.com\/index.php\/wp-json\/wp\/v2\/pages\/83","targetHints":{"allow":["GET"]}}],"collection":[{"href":"https:\/\/acarpanelcit.com\/index.php\/wp-json\/wp\/v2\/pages"}],"about":[{"href":"https:\/\/acarpanelcit.com\/index.php\/wp-json\/wp\/v2\/types\/page"}],"author":[{"embeddable":true,"href":"https:\/\/acarpanelcit.com\/index.php\/wp-json\/wp\/v2\/users\/1"}],"replies":[{"embeddable":true,"href":"https:\/\/acarpanelcit.com\/index.php\/wp-json\/wp\/v2\/comments?post=83"}],"version-history":[{"count":1,"href":"https:\/\/acarpanelcit.com\/index.php\/wp-json\/wp\/v2\/pages\/83\/revisions"}],"predecessor-version":[{"id":91,"href":"https:\/\/acarpanelcit.com\/index.php\/wp-json\/wp\/v2\/pages\/83\/revisions\/91"}],"wp:attachment":[{"href":"https:\/\/acarpanelcit.com\/index.php\/wp-json\/wp\/v2\/media?parent=83"}],"curies":[{"name":"wp","href":"https:\/\/api.w.org\/{rel}","templated":true}]}}